{"id":797,"date":"2018-04-10T12:09:05","date_gmt":"2018-04-10T10:09:05","guid":{"rendered":"http:\/\/www.steuerberater-volland.de\/wordpress\/?page_id=797"},"modified":"2025-08-23T09:36:20","modified_gmt":"2025-08-23T07:36:20","slug":"stellenangebot","status":"publish","type":"page","link":"https:\/\/www.steuerberater-volland.de\/wordpress\/stellenangebot","title":{"rendered":"Stellenangebot"},"content":{"rendered":"<p>Nettes Team sucht Verst\u00e4rkung<\/p>\n<p><strong>Stellenbeschreibung<br \/>\nSteuerfachangestellte(r) oder Steuerfachwirt(in)<\/strong><br \/>\nzur Bearbeitung von Finanzbuchhaltungen, Gewinnermittlungen\/Jahresabschl\u00fcssen und Steuererkl\u00e4rungen sowie steuerliche Beratung<br \/>\nin Vollzeit, anf\u00e4nglich auch Teilzeit m\u00f6glich<\/p>\n<p><strong>Anforderungen<\/strong><br \/>\nBerufsabschluss als Steuerfachangestellte(r) bzw. Weiterbildung als Steuerfachwirt(in)<br \/>\neinschl\u00e4gige Berufserfahrung<br \/>\ngute Auffassungsgabe<br \/>\nErfahrungen im Umgang mit MS OFFICE Programmen<br \/>\nnach M\u00f6glichkeit DATEV-Kenntnisse<br \/>\nfreundlicher Umgang mit Mandanten und Kollegen<br \/>\nTeamf\u00e4higkeit<br \/>\nEhrgeiz und Einsatzbereitschaft<\/p>\n<p><strong>Wir bieten<\/strong><br \/>\ngute Arbeitsatmosph\u00e4re in einem kleinen inhabergef\u00fchrten Team,<br \/>\nleistungsgerechte Verg\u00fctung, ggf. Fahrtkostenzusch\u00fcsse, Gesundheitsvorsorgeleistungen, Erholungsbeihilfen, Gutscheine, Dienstfahrr\u00e4der etc.<br \/>\nabwechslungsreiche anspruchsvolle T\u00e4tigkeit<br \/>\nregelm\u00e4\u00dfige Weiterbildung<br \/>\neinen sicheren Arbeitsplatz<br \/>\nFirmenevents &#8211; Jeder Anlass zum Feiern wird genutzt! \ud83d\ude0a<\/p>\n","protected":false},"excerpt":{"rendered":"<p>Nettes Team sucht Verst\u00e4rkung Stellenbeschreibung Steuerfachangestellte(r) oder Steuerfachwirt(in) zur Bearbeitung von Finanzbuchhaltungen, Gewinnermittlungen\/Jahresabschl\u00fcssen und Steuererkl\u00e4rungen sowie steuerliche Beratung in Vollzeit, anf\u00e4nglich auch Teilzeit m\u00f6glich Anforderungen Berufsabschluss als Steuerfachangestellte(r) bzw. Weiterbildung als Steuerfachwirt(in) einschl\u00e4gige Berufserfahrung gute Auffassungsgabe Erfahrungen im Umgang mit MS OFFICE Programmen nach M\u00f6glichkeit DATEV-Kenntnisse freundlicher Umgang mit Mandanten und Kollegen Teamf\u00e4higkeit Ehrgeiz und &hellip; <a href=\"https:\/\/www.steuerberater-volland.de\/wordpress\/stellenangebot\" class=\"more-link\"><span class=\"screen-reader-text\">Stellenangebot<\/span> weiterlesen <span class=\"meta-nav\">&rarr;<\/span><\/a><\/p>\n","protected":false},"author":1,"featured_media":0,"parent":0,"menu_order":5,"comment_status":"closed","ping_status":"closed","template":"","meta":{"footnotes":""},"class_list":["post-797","page","type-page","status-publish","hentry"],"_links":{"self":[{"href":"https:\/\/www.steuerberater-volland.de\/wordpress\/wp-json\/wp\/v2\/pages\/797","targetHints":{"allow":["GET"]}}],"collection":[{"href":"https:\/\/www.steuerberater-volland.de\/wordpress\/wp-json\/wp\/v2\/pages"}],"about":[{"href":"https:\/\/www.steuerberater-volland.de\/wordpress\/wp-json\/wp\/v2\/types\/page"}],"author":[{"embeddable":true,"href":"https:\/\/www.steuerberater-volland.de\/wordpress\/wp-json\/wp\/v2\/users\/1"}],"replies":[{"embeddable":true,"href":"https:\/\/www.steuerberater-volland.de\/wordpress\/wp-json\/wp\/v2\/comments?post=797"}],"version-history":[{"count":24,"href":"https:\/\/www.steuerberater-volland.de\/wordpress\/wp-json\/wp\/v2\/pages\/797\/revisions"}],"predecessor-version":[{"id":1328,"href":"https:\/\/www.steuerberater-volland.de\/wordpress\/wp-json\/wp\/v2\/pages\/797\/revisions\/1328"}],"wp:attachment":[{"href":"https:\/\/www.steuerberater-volland.de\/wordpress\/wp-json\/wp\/v2\/media?parent=797"}],"curies":[{"name":"wp","href":"https:\/\/api.w.org\/{rel}","templated":true}]}}